9?
6
Calculate the remainder when 183 is divided by 3.
0
Calculate the remainder when 1762 is divided by 48.
34
What is the remainder when 1262 is divided by 91?
79
Calculate the remainder when 11274 is divided by 12.
6
What is the remainder when 263 is divided by 11?
10
Calculate the remainder when 4436 is divided by 29.
28
Calculate the remainder when 1229 is divided by 388.
65
What is the remainder when 272 is divided by 76?
44
Calculate the remainder when 901 is divided by 294.
19
What is the remainder when 60 is divided by 59?
1
Calculate the remainder when 62 is divided by 39.
23
Calculate the remainder when 1036 is divided by 515.
6
What is the remainder when 119 is divided by 20?
19
What is the remainder when 4608 is divided by 53?
50
What is the remainder when 178 is divided by 68?
42
What is the remainder when 217 is divided by 41?
12
Calculate the remainder when 1397 is divided by 192.
53
What is the remainder when 19 is divided by 8?
3
What is the remainder when 489 is divided by 43?
16
Calculate the remainder when 72 is divided by 20.
12
Calculate the remainder when 6578 is divided by 28.
26
What is the remainder when 390 is divided by 14?
12
Calculate the remainder when 138 is divided by 41.
15
What is the remainder when 75 is divided by 62?
13
What is the remainder when 511 is divided by 86?
81
Calculate the remainder when 271 is divided by 70.
61
What is the remainder when 5710 is divided by 29?
26
Calculate the remainder when 82 is divided by 40.
2
What is the remainder when 1379 is divided by 80?
19
What is the remainder when 332 is divided by 48?
44
Calculate the remainder when 150 is divided by 13.
7
Calculate the remainder when 375 is divided by 3.
0
What is the remainder when 2362 is divided by 16?
10
Calculate the remainder when 149 is divided by 141.
8
What is the remainder when 3134 is divided by 81?
56
Calculate the remainder when 125 is divided by 22.
15
What is the remainder when 2787 is divided by 50?
37
What is the remainder when 71 is divided by 15?
11
What is the remainder when 7764 is divided by 37?
31
What is the remainder when 44 is divided by 39?
5
What is the remainder when 663 is divided by 229?
205
Calculate the remainder when 371 is divided by 94.
89
Calculate the remainder when 959 is divided by 82.
57
Calculate the remainder when 1206 is divided by 109.
7
What is the remainder when 407 is divided by 102?
101
Calculate the remainder when 30191 is divided by 10059.
14
What is the remainder when 8 is divided by 3?
2
What is the remainder when 87 is divided by 13?
9
Calculate the remainder when 28 is divided by 16.
12
Calculate the remainder when 104 is divided by 18.
14
What is the remainder when 1452 is divided by 140?
52
What is the remainder when 311 is divided by 27?
14
Calculate the remainder when 1835 is divided by 9.
8
What is the remainder when 2307 is divided by 14?
11
Calculate the remainder when 57 is divided by 51.
6
What is the remainder when 73 is divided by 38?
35
Calculate the remainder when 6213 is divided by 389.
378
Calculate the remainder when 4194 is divided by 20.
14
What is the remainder when 6139 is divided by 74?
71
Calculate the remainder when 234 is divided by 201.
33
What is the remainder when 17385 is divided by 138?
135
What is the remainder when 412 is divided by 194?
24
What is the remainder when 2243 is divided by 1116?
11
What is the remainder when 269 is divided by 30?
29
Calculate the remainder when 1760 is divided by 92.
12
What is the remainder when 2588 is divided by 118?
110
Calculate the remainder when 6259 is divided by 72.
67
What is the remainder when 210 is divided by 13?
2
What is the remainder when 63 is divided by 23?
17
What is the remainder when 411 is divided by 361?
50
What is the remainder when 1249 is divided by 115?
99
Calculate the remainder when 344 is divided by 115.
114
What is the remainder when 145 is divided by 36?
1
What is the remainder when 517 is divided by 40?
37
Calculate the remainder when 1550 is divided by 97.
95
Calculate the remainder when 425 is divided by 134.
23
What is the remainder when 1102 is divided by 79?
75
Calculate the remainder when 255 is divided by 64.
63
Calculate the remainder when 229 is divided by 63.
40
What is the remainder when 13994 is divided by 45?
44
Calculate the remainder when 319 is divided by 64.
63
Calculate the remainder when 350 is divided by 71.
66
Calculate the remainder when 146 is divided by 16.
2
What is the remainder when 204 is divided by 42?
36
What is the remainder when 6 is divided by 5?
1
What is the remainder when 205 is divided by 26?
23
Calculate the remainder when 265 is divided by 17.
10
Calculate the remainder when 190 is divided by 96.
94
What is the remainder when 2491 is divided by 39?
34
Calculate the remainder when 613 is divided by 23.
15
Calculate the remainder when 1176 is divided by 132.
120
Calculate the remainder when 121 is divided by 75.
46
What is the remainder when 1543 is divided by 5?
3
Calculate the remainder when 26 is divided by 9.
8
Calculate the remainder when 710 is divided by 13.
8
Calculate the remainder when 1456 is divided by 31.
30
What is the remainder when 150 is divided by 30?
0
Calculate the remainder when 1539 is divided by 10.
9
What is the remainder when 19 is divided by 3?
1
Calculate the remainder when 404 is divided by 50.
4
Calculate the remainder when 4442 is divided by 22.
20
Calculate the remainder when 104 is divided by 10.
4
What is the remainder when 549 is divided by 97?
64
Calculate the remainder when 461 is divided by 93.
89
Calculate the remainder when 5459 is divided by 65.
64
What is the remainder when 124 is divided by 8?
4
Calculate the remainder when 151 is divided by 86.
65
Calculate the remainder when 130 is divided by 123.
7
Calculate the remainder when 1647 is divided by 66.
63
Calculate the remainder when 472 is divided by 25.
22
Calculate the remainder when 749 is divided by 154.
133
What is the remainder when 294 is divided by 90?
24
What is the remainder when 62866 is divided by 13?
11
Calculate the remainder when 177 is divided by 13.
8
Calculate the remainder when 185 is divided by 31.
30
Calculate the remainder when 513 is divided by 43.
40
What is the remainder when 123 is divided by 66?
57
What is the remainder when 466 is divided by 13?
11
Calculate the remainder when 966 is divided by 44.
42
Calculate the remainder when 701 is divided by 23.
11
Calculate the remainder when 5771 is divided by 165.
161
What is the remainder when 2424 is divided by 1204?
16
Calculate the remainder when 372 is divided by 127.
118
Calculate the remainder when 138 is divided by 10.
8
What is the remainder when 134 is divided by 22?
2
Calculate the remainder when 54077 is divided by 26.
23
What is the remainder when 56 is divided by 12?
8
What is the remainder when 40 is divided by 37?
3
What is the remainder when 20 is divided by 14?
6
What is the remainder when 607 is divided by 68?
63
What is the remainder when 265 is divided by 54?
49
What is the remainder when 575 is divided by 83?
77
Calculate the remainder when 2120 is divided by 431.
396
Calculate the remainder when 602 is divided by 119.
7
Calculate the remainder when 90 is divided by 26.
12
Calculate the remainder when 936 is divided by 232.
8
Calculate the remainder when 553 is divided by 43.
37
Calculate the remainder when 1428 is divided by 1394.
34
What is the remainder when 107 is divided by 32?
11
What is the remainder when 3 is divided by 2?
1
What is the remainder when 712 is divided by 146?
128
What is the remainder when 101 is divided by 32?
5
What is the remainder when 117 is divided by 16?
5
What is the remainder when 122 is divided by 45?
32
Calculate the remainder when 577 is divided by 83.
79
What is the remainder when 83 is divided by 5?
3
What is the remainder when 154 is divided by 34?
18
What is the remainder when 735 is divided by 11?
9
What is the remainder when 97 is divided by 14?
13
What is the remainder when 486 is divided by 49?
45
Calculate the remainder when 1185 is divided by 44.
41
What is the remainder when 405 is divided by 29?
28
What is the remainder when 15856 is divided by 17?
12
Calculate the remainder when 41 is divided by 12.
5
What is t